{"id":1733,"date":"2024-04-24T12:05:35","date_gmt":"2024-04-24T10:05:35","guid":{"rendered":"https:\/\/binil.eu\/accessibilitat\/"},"modified":"2024-04-24T12:12:05","modified_gmt":"2024-04-24T10:12:05","slug":"accessibilitat","status":"publish","type":"page","link":"https:\/\/binil.eu\/en\/accessibilitat\/","title":{"rendered":"Accessibilitat"},"content":{"rendered":"\t\t<div data-elementor-type=\"wp-page\" data-elementor-id=\"1733\" class=\"elementor elementor-1733 elementor-1726\" data-elementor-post-type=\"page\">\n\t\t\t\t\t\t\t<div class=\"elementor-element elementor-element-92847ad e-flex e-con-boxed e-con e-parent\" data-id=\"92847ad\" data-element_type=\"container\" data-settings=\"{&quot;content_width&quot;:&quot;boxed&quot;}\" data-core-v316-plus=\"true\">\n\t\t\t\t\t<div class=\"e-con-inner\">\n\t\t<div class=\"elementor-element elementor-element-73354a4 e-con-full e-flex e-con e-child\" data-id=\"73354a4\" data-element_type=\"container\" id=\"rgpd\" data-settings=\"{&quot;content_width&quot;:&quot;full&quot;}\">\n\t\t\t\t<div class=\"elementor-element elementor-element-dde043f title-play elementor-widget elementor-widget-heading\" data-id=\"dde043f\" data-element_type=\"widget\" data-widget_type=\"heading.default\">\n\t\t\t\t<div class=\"elementor-widget-container\">\n\t\t\t<style>\/*! elementor - v3.18.0 - 08-12-2023 *\/\n.elementor-heading-title{padding:0;margin:0;line-height:1}.elementor-widget-heading .elementor-heading-title[class*=elementor-size-]>a{color:inherit;font-size:inherit;line-height:inherit}.elementor-widget-heading .elementor-heading-title.elementor-size-small{font-size:15px}.elementor-widget-heading .elementor-heading-title.elementor-size-medium{font-size:19px}.elementor-widget-heading .elementor-heading-title.elementor-size-large{font-size:29px}.elementor-widget-heading .elementor-heading-title.elementor-size-xl{font-size:39px}.elementor-widget-heading .elementor-heading-title.elementor-size-xxl{font-size:59px}<\/style><h1 class=\"elementor-heading-title elementor-size-default\">Accessibilitat<\/h1>\t\t<\/div>\n\t\t\t\t<\/div>\n\t\t\t\t<div class=\"elementor-element elementor-element-17d49b8 elementor-widget elementor-widget-text-editor\" data-id=\"17d49b8\" data-element_type=\"widget\" data-widget_type=\"text-editor.default\">\n\t\t\t\t<div class=\"elementor-widget-container\">\n\t\t\t<style>\/*! elementor - v3.18.0 - 08-12-2023 *\/\n.elementor-widget-text-editor.elementor-drop-cap-view-stacked .elementor-drop-cap{background-color:#69727d;color:#fff}.elementor-widget-text-editor.elementor-drop-cap-view-framed .elementor-drop-cap{color:#69727d;border:3px solid;background-color:transparent}.elementor-widget-text-editor:not(.elementor-drop-cap-view-default) .elementor-drop-cap{margin-top:8px}.elementor-widget-text-editor:not(.elementor-drop-cap-view-default) .elementor-drop-cap-letter{width:1em;height:1em}.elementor-widget-text-editor .elementor-drop-cap{float:left;text-align:center;line-height:1;font-size:50px}.elementor-widget-text-editor .elementor-drop-cap-letter{display:inline-block}<\/style>\t\t\t\t<p>La presente declaraci\u00f3n de accesibilidad se aplica al sitio web https:\/\/supplaffairs.com\/. Los criterios adoptados para conseguir una mayor accesibilidad de la Web de <strong>Supplaffairs<\/strong> se basan en las directrices <strong>WCAG\/WAI<\/strong> fijadas por el <strong>World Wide Web Consortium (W3C)<\/strong>, que es la organizaci\u00f3n de car\u00e1cter supranacional que se encarga de la supervisi\u00f3n de las tecnolog\u00edas y la adopci\u00f3n de los est\u00e1ndares de Internet. En este sentido el desarrollo de la Web se ha basado en el cumplimiento de las <strong>Pautas de accesibilidad para el Contenido<\/strong> en la web de la WCAG 2.1 del W3C-WAI en su nivel de exigencia AA. Algunas de las funcionalidades implementadas en el sitio web https:\/\/supplaffairs.com\/, para permitir una mayor accesibilidad a sus contenidos son:<\/p>\n<ul>\n<li>Las caracter\u00edsticas visuales del portal (tipo de letra, color de fuente y fondo, etc.) se definen mediante la hoja de estilos para que el usuario pueda ajustar el texto a sus preferencias.<\/li>\n<li>Los tama\u00f1os de las fuentes se han definido con unidades relativas para que pueda ampliar o disminuir el tama\u00f1o de la fuente desde las opciones del navegador.<\/li>\n<li>Las p\u00e1ginas tienen una estructura clara tanto para el usuario que puede ver todo el contenido, como para el que lee la informaci\u00f3n con un lector de pantalla, usuarios que desactivan la hoja de estilos, etc. Bajo este objetivo, se han definido mediante el c\u00f3digo HTML los encabezados de secci\u00f3n, las listas y todos los elementos que ayudan a la comprensi\u00f3n general del sitio web.<\/li>\n<li>El c\u00f3digo HTML y CSS empleado se ajusta a las gram\u00e1ticas formales para garantizar la correcta visualizaci\u00f3n de los contenidos en distintos navegadores.<\/li>\n<\/ul>\n<p>La presente declaraci\u00f3n fue preparada el 16 de noviembre de 2023. El m\u00e9todo empleado para preparar la declaraci\u00f3n ha sido una auditor\u00eda de accesibilidad llevada a cabo por la empresa Estudi ZUK, S.L. el 16\/11\/2023. \u00daltima revisi\u00f3n de la declaraci\u00f3n: 16 de noviembre de 2023. El resultado de la auditor\u00eda ha sido plenamente conforme seg\u00fan los requisitos de las WCAG 2.1 en su nivel AA, lo que refleja el cumplimiento del nivel de accesibilidad exigido por la legislaci\u00f3n vigente. Pueden aportar sugerencias o peticiones sobre accesibilidad web en el formulario de contacto: https:\/\/supplaffairs.com\/contacto\/.<\/p>\n\t\t\t\t\t\t<\/div>\n\t\t\t\t<\/div>\n\t\t\t\t<\/div>\n\t\t\t\t\t<\/div>\n\t\t\t\t<\/div>\n\t\t\t\t\t\t\t<\/div>\n\t\t","protected":false},"excerpt":{"rendered":"<p>Accessibilitat La presente declaraci\u00f3n de accesibilidad se aplica al sitio web https:\/\/supplaffairs.com\/. Los criterios adoptados para conseguir una mayor accesibilidad de la Web de Supplaffairs se basan en las directrices WCAG\/WAI fijadas por el World Wide Web Consortium (W3C), que es la organizaci\u00f3n de car\u00e1cter supranacional que se encarga de la supervisi\u00f3n de las tecnolog\u00edas [&hellip;]<\/p>\n","protected":false},"author":1,"featured_media":0,"parent":0,"menu_order":0,"comment_status":"closed","ping_status":"closed","template":"","meta":{"footnotes":""},"class_list":["post-1733","page","type-page","status-publish","hentry","entry"],"yoast_head":"<!-- This site is optimized with the Yoast SEO plugin v22.5 - https:\/\/yoast.com\/wordpress\/plugins\/seo\/ -->\n<title>Accessibilitat - binil imatge d&#039;arquitectura<\/title>\n<meta name=\"robots\" content=\"index, follow, max-snippet:-1, max-image-preview:large, max-video-preview:-1\" \/>\n<link rel=\"canonical\" href=\"https:\/\/binil.eu\/en\/accessibilitat\/\" \/>\n<meta property=\"og:locale\" content=\"en_US\" \/>\n<meta property=\"og:type\" content=\"article\" \/>\n<meta property=\"og:title\" content=\"Accessibilitat - binil imatge d&#039;arquitectura\" \/>\n<meta property=\"og:description\" content=\"Accessibilitat La presente declaraci\u00f3n de accesibilidad se aplica al sitio web https:\/\/supplaffairs.com\/. Los criterios adoptados para conseguir una mayor accesibilidad de la Web de Supplaffairs se basan en las directrices WCAG\/WAI fijadas por el World Wide Web Consortium (W3C), que es la organizaci\u00f3n de car\u00e1cter supranacional que se encarga de la supervisi\u00f3n de las tecnolog\u00edas [&hellip;]\" \/>\n<meta property=\"og:url\" content=\"https:\/\/binil.eu\/en\/accessibilitat\/\" \/>\n<meta property=\"og:site_name\" content=\"binil imatge d&#039;arquitectura\" \/>\n<meta property=\"article:modified_time\" content=\"2024-04-24T10:12:05+00:00\" \/>\n<meta name=\"twitter:card\" content=\"summary_large_image\" \/>\n<meta name=\"twitter:label1\" content=\"Est. reading time\" \/>\n\t<meta name=\"twitter:data1\" content=\"2 minutes\" \/>\n<script type=\"application\/ld+json\" class=\"yoast-schema-graph\">{\"@context\":\"https:\/\/schema.org\",\"@graph\":[{\"@type\":\"WebPage\",\"@id\":\"https:\/\/binil.eu\/en\/accessibilitat\/\",\"url\":\"https:\/\/binil.eu\/en\/accessibilitat\/\",\"name\":\"Accessibilitat - binil imatge d&#039;arquitectura\",\"isPartOf\":{\"@id\":\"https:\/\/binil.eu\/#website\"},\"datePublished\":\"2024-04-24T10:05:35+00:00\",\"dateModified\":\"2024-04-24T10:12:05+00:00\",\"breadcrumb\":{\"@id\":\"https:\/\/binil.eu\/en\/accessibilitat\/#breadcrumb\"},\"inLanguage\":\"en-US\",\"potentialAction\":[{\"@type\":\"ReadAction\",\"target\":[\"https:\/\/binil.eu\/en\/accessibilitat\/\"]}]},{\"@type\":\"BreadcrumbList\",\"@id\":\"https:\/\/binil.eu\/en\/accessibilitat\/#breadcrumb\",\"itemListElement\":[{\"@type\":\"ListItem\",\"position\":1,\"name\":\"Portada\",\"item\":\"https:\/\/binil.eu\/en\/\"},{\"@type\":\"ListItem\",\"position\":2,\"name\":\"Accessibilitat\"}]},{\"@type\":\"WebSite\",\"@id\":\"https:\/\/binil.eu\/#website\",\"url\":\"https:\/\/binil.eu\/\",\"name\":\"binil imatge d&#039;arquitectura\",\"description\":\"\",\"publisher\":{\"@id\":\"https:\/\/binil.eu\/#organization\"},\"potentialAction\":[{\"@type\":\"SearchAction\",\"target\":{\"@type\":\"EntryPoint\",\"urlTemplate\":\"https:\/\/binil.eu\/?s={search_term_string}\"},\"query-input\":\"required name=search_term_string\"}],\"inLanguage\":\"en-US\"},{\"@type\":\"Organization\",\"@id\":\"https:\/\/binil.eu\/#organization\",\"name\":\"binil imatge d&#039;arquitectura\",\"url\":\"https:\/\/binil.eu\/\",\"logo\":{\"@type\":\"ImageObject\",\"inLanguage\":\"en-US\",\"@id\":\"https:\/\/binil.eu\/#\/schema\/logo\/image\/\",\"url\":\"https:\/\/binil.eu\/wp-content\/uploads\/2023\/12\/cropped-logo-binil.png\",\"contentUrl\":\"https:\/\/binil.eu\/wp-content\/uploads\/2023\/12\/cropped-logo-binil.png\",\"width\":1104,\"height\":455,\"caption\":\"binil imatge d&#039;arquitectura\"},\"image\":{\"@id\":\"https:\/\/binil.eu\/#\/schema\/logo\/image\/\"}}]}<\/script>\n<!-- \/ Yoast SEO plugin. -->","yoast_head_json":{"title":"Accessibilitat - binil imatge d&#039;arquitectura","robots":{"index":"index","follow":"follow","max-snippet":"max-snippet:-1","max-image-preview":"max-image-preview:large","max-video-preview":"max-video-preview:-1"},"canonical":"https:\/\/binil.eu\/en\/accessibilitat\/","og_locale":"en_US","og_type":"article","og_title":"Accessibilitat - binil imatge d&#039;arquitectura","og_description":"Accessibilitat La presente declaraci\u00f3n de accesibilidad se aplica al sitio web https:\/\/supplaffairs.com\/. Los criterios adoptados para conseguir una mayor accesibilidad de la Web de Supplaffairs se basan en las directrices WCAG\/WAI fijadas por el World Wide Web Consortium (W3C), que es la organizaci\u00f3n de car\u00e1cter supranacional que se encarga de la supervisi\u00f3n de las tecnolog\u00edas [&hellip;]","og_url":"https:\/\/binil.eu\/en\/accessibilitat\/","og_site_name":"binil imatge d&#039;arquitectura","article_modified_time":"2024-04-24T10:12:05+00:00","twitter_card":"summary_large_image","twitter_misc":{"Est. reading time":"2 minutes"},"schema":{"@context":"https:\/\/schema.org","@graph":[{"@type":"WebPage","@id":"https:\/\/binil.eu\/en\/accessibilitat\/","url":"https:\/\/binil.eu\/en\/accessibilitat\/","name":"Accessibilitat - binil imatge d&#039;arquitectura","isPartOf":{"@id":"https:\/\/binil.eu\/#website"},"datePublished":"2024-04-24T10:05:35+00:00","dateModified":"2024-04-24T10:12:05+00:00","breadcrumb":{"@id":"https:\/\/binil.eu\/en\/accessibilitat\/#breadcrumb"},"inLanguage":"en-US","potentialAction":[{"@type":"ReadAction","target":["https:\/\/binil.eu\/en\/accessibilitat\/"]}]},{"@type":"BreadcrumbList","@id":"https:\/\/binil.eu\/en\/accessibilitat\/#breadcrumb","itemListElement":[{"@type":"ListItem","position":1,"name":"Portada","item":"https:\/\/binil.eu\/en\/"},{"@type":"ListItem","position":2,"name":"Accessibilitat"}]},{"@type":"WebSite","@id":"https:\/\/binil.eu\/#website","url":"https:\/\/binil.eu\/","name":"binil imatge d&#039;arquitectura","description":"","publisher":{"@id":"https:\/\/binil.eu\/#organization"},"potentialAction":[{"@type":"SearchAction","target":{"@type":"EntryPoint","urlTemplate":"https:\/\/binil.eu\/?s={search_term_string}"},"query-input":"required name=search_term_string"}],"inLanguage":"en-US"},{"@type":"Organization","@id":"https:\/\/binil.eu\/#organization","name":"binil imatge d&#039;arquitectura","url":"https:\/\/binil.eu\/","logo":{"@type":"ImageObject","inLanguage":"en-US","@id":"https:\/\/binil.eu\/#\/schema\/logo\/image\/","url":"https:\/\/binil.eu\/wp-content\/uploads\/2023\/12\/cropped-logo-binil.png","contentUrl":"https:\/\/binil.eu\/wp-content\/uploads\/2023\/12\/cropped-logo-binil.png","width":1104,"height":455,"caption":"binil imatge d&#039;arquitectura"},"image":{"@id":"https:\/\/binil.eu\/#\/schema\/logo\/image\/"}}]}},"_links":{"self":[{"href":"https:\/\/binil.eu\/en\/wp-json\/wp\/v2\/pages\/1733","targetHints":{"allow":["GET"]}}],"collection":[{"href":"https:\/\/binil.eu\/en\/wp-json\/wp\/v2\/pages"}],"about":[{"href":"https:\/\/binil.eu\/en\/wp-json\/wp\/v2\/types\/page"}],"author":[{"embeddable":true,"href":"https:\/\/binil.eu\/en\/wp-json\/wp\/v2\/users\/1"}],"replies":[{"embeddable":true,"href":"https:\/\/binil.eu\/en\/wp-json\/wp\/v2\/comments?post=1733"}],"version-history":[{"count":1,"href":"https:\/\/binil.eu\/en\/wp-json\/wp\/v2\/pages\/1733\/revisions"}],"predecessor-version":[{"id":1734,"href":"https:\/\/binil.eu\/en\/wp-json\/wp\/v2\/pages\/1733\/revisions\/1734"}],"wp:attachment":[{"href":"https:\/\/binil.eu\/en\/wp-json\/wp\/v2\/media?parent=1733"}],"curies":[{"name":"wp","href":"https:\/\/api.w.org\/{rel}","templated":true}]}}

<div data-elementor-type="wp-page" data-elementor-id="1733" class="elementor elementor-1733 elementor-1726" data-elementor-post-type="page">
							<div class="elementor-element elementor-element-92847ad e-flex e-con-boxed e-con e-parent" data-id="92847ad" data-element_type="container" data-settings="{&quot;content_width&quot;:&quot;boxed&quot;}" data-core-v316-plus="true">
					<div class="e-con-inner">
		<div class="elementor-element elementor-element-73354a4 e-con-full e-flex e-con e-child" data-id="73354a4" data-element_type="container" id="rgpd" data-settings="{&quot;content_width&quot;:&quot;full&quot;}">
				<div class="elementor-element elementor-element-dde043f title-play elementor-widget elementor-widget-heading" data-id="dde043f" data-element_type="widget" data-widget_type="heading.default">
				<div class="elementor-widget-container">
			<style>/*! elementor - v3.18.0 - 08-12-2023 */
.elementor-heading-title{padding:0;margin:0;line-height:1}.elementor-widget-heading .elementor-heading-title[class*=elementor-size-]>a{color:inherit;font-size:inherit;line-height:inherit}.elementor-widget-heading .elementor-heading-title.elementor-size-small{font-size:15px}.elementor-widget-heading .elementor-heading-title.elementor-size-medium{font-size:19px}.elementor-widget-heading .elementor-heading-title.elementor-size-large{font-size:29px}.elementor-widget-heading .elementor-heading-title.elementor-size-xl{font-size:39px}.elementor-widget-heading .elementor-heading-title.elementor-size-xxl{font-size:59px}</style><h1 class="elementor-heading-title elementor-size-default">Accessibilitat</h1>		</div>
				</div>
				<div class="elementor-element elementor-element-17d49b8 elementor-widget elementor-widget-text-editor" data-id="17d49b8" data-element_type="widget" data-widget_type="text-editor.default">
				<div class="elementor-widget-container">
			<style>/*! elementor - v3.18.0 - 08-12-2023 */
.elementor-widget-text-editor.elementor-drop-cap-view-stacked .elementor-drop-cap{background-color:#69727d;color:#fff}.elementor-widget-text-editor.elementor-drop-cap-view-framed .elementor-drop-cap{color:#69727d;border:3px solid;background-color:transparent}.elementor-widget-text-editor:not(.elementor-drop-cap-view-default) .elementor-drop-cap{margin-top:8px}.elementor-widget-text-editor:not(.elementor-drop-cap-view-default) .elementor-drop-cap-letter{width:1em;height:1em}.elementor-widget-text-editor .elementor-drop-cap{float:left;text-align:center;line-height:1;font-size:50px}.elementor-widget-text-editor .elementor-drop-cap-letter{display:inline-block}</style>				<p>La presente declaración de accesibilidad se aplica al sitio web https://supplaffairs.com/. Los criterios adoptados para conseguir una mayor accesibilidad de la Web de <strong>Supplaffairs</strong> se basan en las directrices <strong>WCAG/WAI</strong> fijadas por el <strong>World Wide Web Consortium (W3C)</strong>, que es la organización de carácter supranacional que se encarga de la supervisión de las tecnologías y la adopción de los estándares de Internet. En este sentido el desarrollo de la Web se ha basado en el cumplimiento de las <strong>Pautas de accesibilidad para el Contenido</strong> en la web de la WCAG 2.1 del W3C-WAI en su nivel de exigencia AA. Algunas de las funcionalidades implementadas en el sitio web https://supplaffairs.com/, para permitir una mayor accesibilidad a sus contenidos son:</p>
<ul>
<li>Las características visuales del portal (tipo de letra, color de fuente y fondo, etc.) se definen mediante la hoja de estilos para que el usuario pueda ajustar el texto a sus preferencias.</li>
<li>Los tamaños de las fuentes se han definido con unidades relativas para que pueda ampliar o disminuir el tamaño de la fuente desde las opciones del navegador.</li>
<li>Las páginas tienen una estructura clara tanto para el usuario que puede ver todo el contenido, como para el que lee la información con un lector de pantalla, usuarios que desactivan la hoja de estilos, etc. Bajo este objetivo, se han definido mediante el código HTML los encabezados de sección, las listas y todos los elementos que ayudan a la comprensión general del sitio web.</li>
<li>El código HTML y CSS empleado se ajusta a las gramáticas formales para garantizar la correcta visualización de los contenidos en distintos navegadores.</li>
</ul>
<p>La presente declaración fue preparada el 16 de noviembre de 2023. El método empleado para preparar la declaración ha sido una auditoría de accesibilidad llevada a cabo por la empresa Estudi ZUK, S.L. el 16/11/2023. Última revisión de la declaración: 16 de noviembre de 2023. El resultado de la auditoría ha sido plenamente conforme según los requisitos de las WCAG 2.1 en su nivel AA, lo que refleja el cumplimiento del nivel de accesibilidad exigido por la legislación vigente. Pueden aportar sugerencias o peticiones sobre accesibilidad web en el formulario de contacto: https://supplaffairs.com/contacto/.</p>
						</div>
				</div>
				</div>
					</div>
				</div>
							</div>

<p>Accessibilitat La presente declaración de accesibilidad se aplica al sitio web https://supplaffairs.com/. Los criterios adoptados para conseguir una mayor accesibilidad de la Web de Supplaffairs se basan en las directrices WCAG/WAI fijadas por el World Wide Web Consortium (W3C), que es la organización de carácter supranacional que se encarga de la supervisión de las tecnologías [&hellip;]</p>

<!-- This site is optimized with the Yoast SEO plugin v22.5 - https://yoast.com/wordpress/plugins/seo/ -->
<title>Accessibilitat - binil imatge d&#039;arquitectura</title>
<meta name="robots" content="index, follow, max-snippet:-1, max-image-preview:large, max-video-preview:-1" />
<link rel="canonical" href="https://binil.eu/en/accessibilitat/" />
<meta property="og:locale" content="en_US" />
<meta property="og:type" content="article" />
<meta property="og:title" content="Accessibilitat - binil imatge d&#039;arquitectura" />
<meta property="og:description" content="Accessibilitat La presente declaración de accesibilidad se aplica al sitio web https://supplaffairs.com/. Los criterios adoptados para conseguir una mayor accesibilidad de la Web de Supplaffairs se basan en las directrices WCAG/WAI fijadas por el World Wide Web Consortium (W3C), que es la organización de carácter supranacional que se encarga de la supervisión de las tecnologías [&hellip;]" />
<meta property="og:url" content="https://binil.eu/en/accessibilitat/" />
<meta property="og:site_name" content="binil imatge d&#039;arquitectura" />
<meta property="article:modified_time" content="2024-04-24T10:12:05+00:00" />
<meta name="twitter:card" content="summary_large_image" />
<meta name="twitter:label1" content="Est. reading time" />
	<meta name="twitter:data1" content="2 minutes" />
<script type="application/ld+json" class="yoast-schema-graph">{"@context":"https://schema.org","@graph":[{"@type":"WebPage","@id":"https://binil.eu/en/accessibilitat/","url":"https://binil.eu/en/accessibilitat/","name":"Accessibilitat - binil imatge d&#039;arquitectura","isPartOf":{"@id":"https://binil.eu/#website"},"datePublished":"2024-04-24T10:05:35+00:00","dateModified":"2024-04-24T10:12:05+00:00","breadcrumb":{"@id":"https://binil.eu/en/accessibilitat/#breadcrumb"},"inLanguage":"en-US","potentialAction":[{"@type":"ReadAction","target":["https://binil.eu/en/accessibilitat/"]}]},{"@type":"BreadcrumbList","@id":"https://binil.eu/en/accessibilitat/#breadcrumb","itemListElement":[{"@type":"ListItem","position":1,"name":"Portada","item":"https://binil.eu/en/"},{"@type":"ListItem","position":2,"name":"Accessibilitat"}]},{"@type":"WebSite","@id":"https://binil.eu/#website","url":"https://binil.eu/","name":"binil imatge d&#039;arquitectura","description":"","publisher":{"@id":"https://binil.eu/#organization"},"potentialAction":[{"@type":"SearchAction","target":{"@type":"EntryPoint","urlTemplate":"https://binil.eu/?s={search_term_string}"},"query-input":"required name=search_term_string"}],"inLanguage":"en-US"},{"@type":"Organization","@id":"https://binil.eu/#organization","name":"binil imatge d&#039;arquitectura","url":"https://binil.eu/","logo":{"@type":"ImageObject","inLanguage":"en-US","@id":"https://binil.eu/#/schema/logo/image/","url":"https://binil.eu/wp-content/uploads/2023/12/cropped-logo-binil.png","contentUrl":"https://binil.eu/wp-content/uploads/2023/12/cropped-logo-binil.png","width":1104,"height":455,"caption":"binil imatge d&#039;arquitectura"},"image":{"@id":"https://binil.eu/#/schema/logo/image/"}}]}</script>
<!-- / Yoast SEO plugin. -->

Accessibilitat La presente declaración de accesibilidad se aplica al sitio web https://supplaffairs.com/. Los criterios adoptados para conseguir una mayor accesibilidad de la Web de Supplaffairs se basan en las directrices WCAG/WAI fijadas por el World Wide Web Consortium (W3C), que es la organización de carácter supranacional que se encarga de la supervisión de las tecnologías [&hellip;]
